 -6 - d2658?
-d265e
In base 5, what is 3 - -13014123?
13014131
In base 4, what is -3232132 + -10?
-3232202
In base 2, what is 10101111001100111010010 + -1?
10101111001100111010001
In base 11, what is 4 - 21285?
-21281
In base 12, what is -b8 + -2bb4?
-30b0
In base 13, what is 2075 - -bc?
2164
In base 14, what is 3 + 423a?
423d
In base 5, what is -103442 + 1103?
-102334
In base 15, what is -10 + -11bb?
-11cb
In base 12, what is 2 + 48b98?
48b9a
In base 5, what is 21 - -23313?
23334
In base 5, what is -24030204 - 3?
-24030212
In base 16, what is -12c0f - -14?
-12bfb
In base 14, what is -513d - -6?
-5137
In base 9, what is -356 + 8308?
7842
In base 6, what is 1 + -114010?
-114005
In base 2, what is 101 + 101111110000101?
101111110001010
In base 12, what is -37 - 434?
-46b
In base 9, what is 1375 - 1237?
137
In base 6, what is 454503 - -340?
455243
In base 14, what is -1b - c1?
-dc
In base 2, what is 1101 - -110000101101110?
110000101111011
In base 15, what is 2 - -21b3?
21b5
In base 4, what is -22132030 - 10?
-22132100
In base 3, what is 11120 + -210?
10210
In base 3, what is -1010 - -110122?
102112
In base 12, what is -28b4 - 185?
-2a79
In base 15, what is -4 - -b022?
b01d
In base 13, what is -301 + -4?
-305
In base 11, what is -1 - 804a?
-8050
In base 12, what is -65155 - -3?
-65152
In base 8, what is 12072414 - 4?
12072410
In base 13, what is -6132 - a?
-613c
In base 11, what is -77 - a?
-86
In base 6, what is -3 + -414410?
-414413
In base 10, what is 59 + -664?
-605
In base 14, what is -2d4 - -562?
26c
In base 13, what is -45 + 8025?
7cb0
In base 12, what is 1962 - -13?
1975
In base 5, what is -3 + 1033034?
1033031
In base 13, what is -1b - -147?
129
In base 14, what is -4422 + 61?
-43a1
In base 5, what is 10 + 222200313?
222200323
In base 9, what is -1017555 + -1?
-1017556
In base 15, what is -a - -756?
74b
In base 8, what is -1145 + -4120?
-5265
In base 16, what is 3bc - 2e?
38e
In base 11, what is -287 - -282?
-5
In base 15, what is 0 - -5761?
5761
In base 10, what is -335011 + -3?
-335014
In base 11, what is 14891 - 26?
14866
In base 6, what is 15554231 - 4?
15554223
In base 6, what is 1 + 1432432?
1432433
In base 5, what is 2 + -2004121?
-2004114
In base 8, what is 6 - -22104?
22112
In base 3, what is -22201110 - -1020?
-22200020
In base 13, what is 2 - 2056?
-2054
In base 14, what is 3 + 6a54c?
6a551
In base 9, what is -45 - -3543?
3487
In base 6, what is 31 - 121?
-50
In base 8, what is 4007 - -406?
4415
In base 10, what is 1457 - 7?
1450
In base 6, what is 23513 - -24?
23541
In base 16, what is -2 + 3341f?
3341d
In base 9, what is -6127 - 1300?
-7427
In base 7, what is 3163440 + -6?
3163431
In base 8, what is -3737 - -167?
-3550
In base 4, what is 11 + 23110031?
23110102
In base 10, what is -22 + -600?
-622
In base 6, what is 10135003 - -3?
10135010
In base 6, what is -340 - 24301?
-25041
In base 12, what is 1 - 1b640?
-1b63b
In base 16, what is -6 - 7d71?
-7d77
In base 14, what is -3316 - 21?
-3337
In base 7, what is 22 - -454524?
454546
In base 15, what is 1 - -132693?
132694
In base 14, what is -8 + -63dcb?
-63dd5
In base 7, what is -301 + 145?
-123
In base 3, what is -10 - 10010001?
-10010011
In base 13, what is -a0b - 81?
-a8c
In base 8, what is -3206110 + 0?
-3206110
In base 14, what is ba - 1c87?
-1bab
In base 16, what is -12dba1 - -5?
-12db9c
In base 6, what is -1010 + 25?
-541
In base 15, what is -2 - a599?
-a59b
In base 6, what is 40434 + 0?
40434
In base 4, what is -20022 - -102?
-13320
In base 14, what is 0 - -14a5?
14a5
In base 11, what is -31173 + 24?
-3114a
In base 11, what is -81946 - 3?
-81949
In base 9, what is -5404 + 58?
-5335
In base 14, what is -29 - -1a3?
178
In base 5, what is -113 - -2030?
1412
In base 4, what is -11231 + -11033?
-22330
In base 2, what is 10111 + 100110111?
101001110
In base 3, what is -2 + -12222121210?
-12222121212
In base 8, what is 4 + -1351003?
-1350777
In base 16, what is 6 + dfb?
e01
In base 13, what is -13 + 146787?
146774
In base 8, what is -20557 - -5?
-20552
In base 12, what is -12 + -1a6a?
-1a80
In base 14, what is -8 + 1164?
115a
In base 4, what is 2113 + 11132?
13311
In base 12, what is -11 - 3804?
-3815
In base 16, what is 89 + -54?
35
In base 5, what is -102142142 - 2?
-102142144
In base 5, what is -4300223 - -2?
-4300221
In base 8, what is -2052 - 2?
-2054
In base 6, what is 4010 - 12502?
-4452
In base 10, what is -479 + 82?
-397
In base 13, what is -5b42 - b1?
-5c23
In base 6, what is 5 + 131042?
131051
In base 5, what is 144132 - -412?
200044
In base 14, what is -2 + -51734?
-51736
In base 15, what is -26 + -76d?
-794
In base 12, what is -9 - 1927?
-1934
In base 3, what is -12 - -10100210?
10100121
In base 8, what is 37752 - -5?
37757
In base 12, what is -55b970 + 5?
-55b967
In base 12, what is -14 - 480a?
-4822
In base 12, what is 6103 - -7?
610a
In base 12, what is -4 + 3b5b1?
3b5a9
In base 12, what is -809919 - 3?
-809920
In base 10, what is -6403 - -70?
-6333
In base 16, what is -8efa + 5?
-8ef5
In base 15, what is -a + -55e?
-569
In base 3, what is -101100210212 + 21?
-101100210121
In base 12, what is -10453 + -2?
-10455
In base 11, what is 1 - 10015?
-10014
In base 3, what is -10222101102 + 1100?
-10222100002
In base 14, what is -a + 19272?
19266
In base 4, what is 121 - 11213?
-11032
In base 16, what is -45c3c - 7?
-45c43
In base 4, what is -11 + -10112112332?
-10112113003
In base 14, what is 37 + -530?
-4d7
In base 3, what is 20010011221 - -2?
20010012000
In base 10, what is 66057 + -3?
66054
In base 12, what is 8174 - -159?
8311
In base 12, what is 160 + -174a?
-15aa
In base 6, what is -22 - 53312?
-53334
In base 16, what is 62a - -2da?
904
In base 11, what is 108 + -5058?
-4a50
In base 9, what is 3 - 40254?
-40251
In base 9, what is 5 + 14016?
14022
In base 10, what is -22 + 28943?
28921
In base 16, what is a7c + -7?
a75
In base 11, what is -1a244a9 - -5?
-1a244a4
In base 8, what is -62 + -20160?
-20242
In base 10, what is -1 - 66435?
-66436
In base 14, what is 1 + 84a7?
84a8
In base 14, what is 3 - 8418d?
-8418a
In base 10, what is -15 - 950?
-965
In base 12, what is 45ab + -3?
45a8
In base 16, what is -7b23 + 10?
-7b13
In base 6, what is 13 - 3010221?
-3010204
In base 13, what is 4ab90 + 1?
4ab91
In base 11, what is 1150 - -191?
1331
In base 13, what is -5575 - -67?
-550b
In base 6, what is -445 + -22?
-511
In base 2, what is 111000000001 - -1111?
111000010000
In base 16, what is 2a6 - -2da?
580
In base 13, what is -22 - -b49?
b27
In base 3, what is -12 - -2120212?
2120200
In base 13, what is 407 + 19?
423
In base 14, what is -14859 - -9?
-14850
In base 6, what is 10420 + 3?
10423
In base 9, what is 215158 - 0?
215158
In base 2, what is 1001011110 - -111?
1001100101
In base 6, what is -1445 + -2145?
-4034
In base 6, what is 2 + -23040?
-23034
In base 6, what is 1 - -22114435?
22114440
In base 8, what is -3212 + 6?
-3204
In base 14, what is -28 + -270?
-298
In base 2, what is 10110 - 1010?
1100
In base 10, what is 19 + 4075?
4094
In base 11, what is -3 - -53249?
53246
In base 14, what is -4200 + 5?
-41d9
In base 9, what is -30 - 5342?
-5372
In base 15, what is 282 - 28?
259
In base 10, what is 17 - 45310?
-45293
In base 3, what is -22201002102011 + 12?
-22201002101222
In base 11, what is -3a05a6a - 5?
-3a05a74
In base 15, what is 3 - 2141?
-213d
In base 7, what is -214 - -1652?
1435
In base 10, what is 28095 - 3?
28092
In base 8, what is -13 + -764?
-777
In base 4, what is -10233 - 10?
-10303
In base 9, what is -4 - -8582?
8577
In base 10, what is -105 - -699?
594
In base 3, what is 1100 + 200012?
201112
In base 11, what is 1 + 128?
129
In base 12, what is -23 - -681?
65a
In base 16, what is d86 + -3?
d83
In base 15, what is -42061b + -1?
-42061c
In base 8, what is 42001 - -336?
42337
In base 10, what is -7 - 1619?
-1626
In base 14, what is -2 - -2289?
2287
In base 6, what is -515240 - -112?
-515124
In base 15, what is 21e - 11b8?
-e99
In base 16, what is e - -1614?
1622
In base 12, what is 3 + 7a78?
7a7b
In base 5, what is 3 - -123040230?
123040233
In base 16, what is b1c + -19?
b03
In base 8, what is -254 - 101?
-355
In base 12, what is 42 + -280bb?
-28079
In base 15, what is -1455d - -1?
-1455c
In base 13, what is 375 - 1487?
-1112
In base 7, what is 1 - 1